t common factor of 232 and 174064264?
232
Calculate the highest common divisor of 9274965 and 10.
5
Calculate the greatest common factor of 22211012 and 287.
41
Calculate the highest common divisor of 3213421 and 4.
1
What is the highest common factor of 34089948 and 3294?
18
What is the greatest common factor of 848672 and 200?
8
What is the highest common factor of 361907 and 179062?
1261
What is the highest common factor of 9554 and 7113234?
562
Calculate the highest common divisor of 1223911 and 39.
13
Calculate the highest common factor of 13713676 and 4.
4
What is the highest common factor of 202805 and 240640?
235
Calculate the greatest common factor of 53015 and 5133235.
2305
Calculate the highest common divisor of 10926697 and 716.
179
Calculate the greatest common divisor of 74589460 and 96140.
5060
What is the highest common divisor of 1702496 and 415?
83
What is the highest common divisor of 251336 and 34176?
712
What is the greatest common divisor of 154112836 and 60532?
1636
What is the greatest common factor of 6509987 and 42372?
1177
What is the greatest common factor of 71467732 and 168672?
7028
Calculate the greatest common divisor of 61370380 and 19.
19
Calculate the greatest common divisor of 75168 and 61.
1
Calculate the greatest common factor of 89964 and 22406.
34
What is the highest common factor of 3780 and 1415556?
108
Calculate the greatest common factor of 156188553 and 4548.
1137
What is the highest common factor of 989 and 2688953?
23
What is the greatest common factor of 3025 and 5237969?
121
Calculate the greatest common divisor of 648900 and 325.
25
Calculate the highest common divisor of 70456686 and 12.
6
What is the highest common factor of 47776 and 3257726?
2986
What is the greatest common factor of 1377160 and 668?
4
What is the highest common factor of 2400432 and 80?
16
What is the greatest common divisor of 74142 and 98361?
27
What is the greatest common divisor of 3758953 and 123398?
781
Calculate the greatest common divisor of 47011400 and 150.
50
What is the highest common factor of 446705 and 30737?
7
What is the greatest common divisor of 185685589 and 1345?
269
Calculate the highest common divisor of 20896236 and 138.
138
Calculate the highest common divisor of 1167670 and 29890.
490
Calculate the highest common divisor of 22 and 178585319.
11
What is the highest common factor of 4529655 and 4485?
195
Calculate the highest common factor of 146 and 6249311.
73
What is the greatest common divisor of 4084 and 1637385868?
4084
Calculate the greatest common factor of 1113 and 314076.
21
What is the highest common divisor of 750 and 31981650?
150
What is the highest common divisor of 16250 and 10194275?
325
Calculate the highest common factor of 1251810 and 558810.
630
Calculate the highest common factor of 15 and 1367946.
3
What is the highest common divisor of 11715462 and 51183?
1089
Calculate the highest common divisor of 16934773 and 2139.
31
Calculate the highest common factor of 292 and 122244.
4
Calculate the highest common factor of 1719756 and 4692.
276
What is the greatest common divisor of 3215146 and 7788?
1298
Calculate the highest common factor of 1456 and 623324.
52
What is the highest common divisor of 8279 and 125681?
17
Calculate the highest common divisor of 850181355 and 36425.
7285
Calculate the greatest common factor of 145795 and 112905.
65
Calculate the greatest common factor of 165693 and 671.
11
What is the highest common divisor of 2657912 and 1391108?
1828
Calculate the highest common factor of 86912 and 1940.
388
Calculate the greatest common divisor of 308 and 1537781.
7
What is the highest common factor of 240 and 709890?
30
Calculate the highest common divisor of 5925500 and 13300.
700
Calculate the highest common divisor of 1237751153 and 1021.
1021
Calculate the highest common factor of 24129 and 14189.
7
What is the greatest common factor of 125067838 and 42?
14
Calculate the highest common factor of 588 and 1543892.
196
Calculate the greatest common divisor of 14582727 and 1242.
27
Calculate the highest common factor of 1076832 and 459.
9
Calculate the highest common factor of 46873990 and 10.
10
Calculate the greatest common factor of 23 and 214122663.
23
Calculate the highest common divisor of 4590460 and 1960.
140
Calculate the highest common divisor of 62618114 and 130.
26
Calculate the greatest common divisor of 1792 and 8272544.
224
Calculate the greatest common factor of 5701135945 and 61.
61
Calculate the greatest common factor of 3672 and 820746.
54
Calculate the greatest common factor of 5712 and 17706192.
336
Calculate the greatest common factor of 628888 and 79950.
26
Calculate the highest common factor of 80124 and 168894.
66
Calculate the greatest common factor of 342 and 321220270.
38
What is the highest common factor of 8974702 and 9658?
22
What is the highest common factor of 117177 and 2299704?
843
What is the highest common factor of 343570 and 15?
5
Calculate the highest common factor of 2112748 and 4752.
44
What is the highest common factor of 15625 and 176500?
125
Calculate the highest common factor of 96866 and 326536.
238
What is the highest common divisor of 95 and 256745?
5
What is the greatest common factor of 3926218 and 1425314?
1258
What is the highest common factor of 46818 and 9180?
918
What is the highest common factor of 42 and 17179106?
14
Calculate the greatest common factor of 1765 and 9847641.
353
What is the greatest common divisor of 11565 and 1245?
15
Calculate the greatest common factor of 76406091 and 15.
3
What is the greatest common factor of 285145380 and 162?
54
What is the greatest common factor of 3286658 and 27284?
38
Calculate the greatest common divisor of 10789702 and 10094.
98
Calculate the highest common factor of 315 and 135479295.
315
What is the greatest common factor of 353969882 and 20195?
4039
What is the greatest common factor of 1171164 and 3281?
17
What is the highest common factor of 2306832 and 9694080?
8976
Calculate the highest common divisor of 174984 and 6696.
24
Calculate the highest common divisor of 97474 and 873678.
598
Calculate the highest common divisor of 2667930 and 36989.
787
Calculate the highest common divisor of 6 and 101121796.
2
Calculate the greatest common divisor of 441293455 and 18670.
9335
Calculate the greatest common factor of 129454 and 14534.
338
Calculate the highest common divisor of 444549 and 19887.
21
What is the highest common factor of 196 and 19305461?
49
What is the greatest common divisor of 1303 and 87328363?
1303
What is the highest common factor of 5744 and 10616348?
1436
What is the greatest common divisor of 4079672 and 48?
8
What is the greatest common factor of 45320 and 1777780?
2060
What is the greatest common factor of 1629 and 44168163?
543
Calculate the greatest common divisor of 15396 and 111516.
12
Calculate the highest common factor of 5918 and 12199594.
22
Calculate the greatest common divisor of 5397568 and 19856.
272
Calculate the greatest common divisor of 7182488 and 26477.
2407
What is the greatest common factor of 1845 and 2002645?
205
Calculate the highest common factor of 40 and 102233624.
8
What is the greatest common factor of 45 and 2469895?
5
Calculate the greatest common factor of 1451676 and 13476.
12
Calculate the highest common factor of 58592 and 6016.
32
Calculate the greatest common divisor of 924 and 95672577.
231
Calculate the highest common factor of 8211 and 1094772630.
8211
What is the greatest common factor of 2964 and 4294524?
156
Calculate the highest common divisor of 1165 and 6099241.
233
What is the greatest common factor of 7578148 and 860?
172
What is the greatest common divisor of 3 and 87224457?
3
Calculate the highest common factor of 1762976 and 17760.
1184
What is the highest common factor of 6560408 and 232?
8
What is the greatest common factor of 117131 and 9019?
29
Calculate the greatest common divisor of 27894 and 907.
1
What is the highest common divisor of 225 and 98552385?
45
What is the greatest common divisor of 45 and 65215251?
9
What is the greatest common divisor of 1326510 and 44370?
1530
Calculate the highest common factor of 17659650 and 4950.
150
Calculate the highest common divisor of 3461 